-3*k + 38 = -1. Let y(j) = -j**2 - 6*j + 2. Calculate the remainder when k is divided by y(-6).
1
Let w(m) = -m**2 + 21*m - 58. Calculate the remainder when 320 is divided by w(13).
44
Suppose 1207 = 5*g + d, 141 - 1820 = -7*g - 5*d. What is the remainder when g is divided by 81?
80
Let j = -34 + 69. Suppose -3*l - j = -4*l. Suppose 0 = 4*y - 70 - 6. Calculate the remainder when l is divided by y.
16
Suppose -n - 4*y + 352 = 0, -23*y + 21*y = -2*n + 754. What is the remainder when n is divided by 96?
84
Calculate the remainder when 94 is divided by (15/4)/((-57)/(-760)).
44
Suppose 4*f - 69 = -5*u, 4*u = -0*f + 2*f - 54. Calculate the remainder when f is divided by 12.
9
Suppose 0 = 6*v - 21 - 183. What is the remainder when 41 is divided by v?
7
Let m = 5699 + -3825. Calculate the remainder when m is divided by 28.
26
Calculate the remainder when (((-20)/6)/(-5))/((-15)/(-3285)) is divided by 38.
32
Suppose 70 = -2*m + 4. Suppose 5*u + 12 = 47. Calculate the remainder when (-6)/m - (-590)/22 is divided by u.
6
Let v be 2 + 27/6*(-32)/3. Let k = -43 - v. What is the remainder when k is divided by 2?
1
Suppose 0 = 5*t + l + 3*l - 76, 84 = 5*t - 4*l. Let i = -36 - -48. Let p = 58 - i. What is the remainder when p is divided by t?
14
Suppose 3 = -3*z + 78. Let b(l) = l**3 - 3*l**2 + 2*l + 2. Let n be b(3). Suppose -4*u + n*u - 196 = 0. What is the remainder when u is divided by z?
24
Suppose -45 = -p - n, 3*p = -p - 5*n + 181. Let h = p - 20. Suppose -5*c = -55 - 10. Calculate the remainder when h is divided by c.
11
Let h = -5 - -10. Suppose 13*u = 3*u + 90. Calculate the remainder when u is divided by h.
4
Let v be (105/(-20))/((-6)/32). What is the remainder when 67/4 - (-7)/v is divided by 7?
3
Suppose -10*u + 25 = -65. What is the remainder when u is divided by 6?
3
Suppose 3*k = -2*o + 61, 5*k = 3*o + 110 - 21. Suppose w + 8*y - 4*y - 71 = 0, 4*y + 149 = 3*w. What is the remainder when w is divided by k?
17
Let l(g) = g**2 + 51*g + 290. What is the remainder when 77 is divided by l(-6)?
17
Let i = -12 + 17. Suppose -i*s = -3*z - 5, -4*z + 26 = s + 2. What is the remainder when 18 is divided by z?
3
Let b = -64 - 60. Let l = b + 177. Suppose 10 = k + k + 4*o, -3*o - l = -4*k. Calculate the remainder when 43 is divided by k.
10
Suppose -4*c + 0*f + 40 = -f, -5*f + 31 = c. What is the remainder when 64 is divided by c?
9
Let p(y) = 8*y**2 - 6. Let o be p(5). Suppose -o - 52 = -3*r. Suppose -2*u + r = -2*q, 2*u + 2*q = 3*q + 78. What is the remainder when u is divided by 13?
11
Let l(g) = g**3 - 7*g**2 - 2. Let o be l(7). Let r(h) = 7*h**2 + 7*h + 4. What is the remainder when 87 is divided by r(o)?
15
Suppose 0 = -0*z + z - 2. Suppose 5*j - 3*t - 2 = -z*t, 4*t - 13 = -j. What is the remainder when 31 is divided by j/(-5) - (-189)/45?
3
Suppose -4*m = 2*s - 0*s + 8, -4*m = 3*s + 4. Let f be (-6)/s - (-45)/(-10). Calculate the remainder when 25 - -2*3/f is divided by 13.
11
Suppose 3*c - f - 113 = 2*c, c - 107 = -f. What is the remainder when 59 is divided by (-28)/126 - c/(-9)?
11
Let i = -450 + 594. What is the remainder when i is divided by 71?
2
Calculate the remainder when 213 is divided by (-76888)/(-1400) + 6/75.
48
Suppose 2*i = -50 - 66. Let h = 96 + i. What is the remainder when h is divided by (-96)/(-10) - 2/(-5)?
8
Suppose 4*l = -525 + 85. Calculate the remainder when 22/l - 462/(-10) is divided by 16.
14
Let q(l) = -l**2 + 30*l - 136. Let u(p) = -p**3 + 5*p**2 - 2*p - 3. Calculate the remainder when q(24) is divided by u(4).
3
Suppose 4*m = -q - 56, 0*m - q = 3*m + 42. Let p be (38/3)/(m/(-21)). Suppose -p - 39 = -w. Calculate the remainder when w is divided by 20.
18
Let w = -9 - -14. Let q = w + 0. Suppose -q*d + 2*d + 31 = 2*r, 0 = r + 4*d - 13. What is the remainder when r is divided by 6?
5
Calculate the remainder when 113 is divided by ((-12)/(-4))/((-3)/(-59)).
54
Let a = -85 + 79. What is the remainder when (a/(-2))/(2/54) is divided by 21?
18
Let z = 6 + -7. Let d be z/(3 + 13/(-4)). Suppose -2*u = -d*u + 18. What is the remainder when 16 is divided by u?
7
Calculate the remainder when -2*(3 + (-34 - -5)) is divided by 15.
7
What is the remainder when (-7998)/172*(-16)/6 is divided by 32?
28
Suppose 0 = -2*l - 3*v + 157 + 50, 108 = l - 3*v. Suppose 17*q = 12*q + l. What is the remainder when 58 is divided by q?
16
Let v(a) = 8*a**2 - a + 2. What is the remainder when 91 is divided by v(2)?
27
Suppose 4*h - 14 = -d, h - 4*h = -9. Suppose -2*p - 3*j + 149 = 0, 0 = d*p + p - j - 207. What is the remainder when p is divided by 18?
16
Let s(j) = 2*j + 58. Let u be s(0). Let z = u + -48. What is the remainder when z is divided by 3?
1
Suppose -169 = -h - 14. Let o = h - 131. Calculate the remainder when 90 is divided by o.
18
Suppose -4*q = -4*j - 160, 3*q - 5*j - 135 = -7*j. What is the remainder when 471 is divided by q?
41
Suppose 17 = r + 3*d, -2*r + 0*d - 16 = -4*d. Suppose -i - 3*i + 4*b = -60, 3*i - 50 = r*b. What is the remainder when 38 is divided by i?
18
Suppose -1040*h + 4151 = -1033*h. Calculate the remainder when h is divided by 9.
8
Suppose -37 = -2*p + w + 1, 3*w = -2*p + 54. What is the remainder when 35 is divided by 99/12 - p/(-28)?
8
Let h = 13 - 5. Let b be 0/1*h/16. Suppose 3*i - 42 - 57 = b. What is the remainder when i is divided by 12?
9
Suppose -30*p + 1642 = -4418. Calculate the remainder when p is divided by 38.
12
Suppose j + m - 170 = 0, -3*j + 2*m = -7*j + 682. Let n be 2/11 + j/(-33). What is the remainder when 48*(3 - n/(-3)) is divided by 22?
20
Let g(q) = q + 159. Let a be g(0). Suppose 2*m = b + a, m - 76 = -0*m + 4*b. Calculate the remainder when m is divided by 23.
11
Let h be (-508)/(-6)*(-33)/(-22). Let k = 252 - h. Calculate the remainder when k is divided by 32.
29
Let a(y) = -y**3 - 8*y**2 - 7*y + 4. Let x be a(-7). What is the remainder when 46 is divided by x/(-3)*(-2 - 10)?
14
Let f be 1/(-2)*20/(-5). Let k be 42 + -9 + f + 0. Let h = -20 + k. What is the remainder when 55 is divided by h?
10
Suppose 0 = -25*z - 129 + 779. Calculate the remainder when 102 is divided by z.
24
What is the remainder when (-1)/3 + 18945/135 is divided by 17?
4
Let z(n) = 2*n + 31. Suppose 2*l = 4, 4*g + 2*l + 32 = -4. What is the remainder when 39 is divided by z(g)?
6
Let f = -27 + 39. Suppose -5*a = -3*h + 2*h - 12, 0 = 4*h + 3*a - 44. What is the remainder when f is divided by h?
4
Let j = 0 + -6. Let z(k) = -k**3 + 4*k**2 - 2*k + 10. Let y be z(3). Let f = j + y. Calculate the remainder when f is divided by 3.
1
What is the remainder when (-12)/(-16)*84/18*4 is divided by 3?
2
Suppose 3*f = 296 - 32. Calculate the remainder when f is divided by 28.
4
Let f be -5*1/((-20)/(-16)). Let g(j) = -j**3 - 4*j**2 + j + 15. What is the remainder when 38 is divided by g(f)?
5
Suppose 9*f = -2484 + 2538. What is the remainder when 527 is divided by f?
5
Suppose 3*w + 45 = 6*w - 3*u, 0 = -4*w - u + 65. Suppose 5*h = 4*o, o = -o + 3*h - 2. Calculate the remainder when w is divided by o.
1
Let o = -93 - -94. Calculate the remainder when 5 is divided by o.
0
Suppose -2*u + 6 = 0, 4*u = 4*r - 0*u + 12. Let j = -6 + 11. Suppose r*p + 3*p - 21 = 3*c, -3*c + 59 = j*p. What is the remainder when p is divided by 4?
2
Suppose -4*f + 1 = -5*f. Let x be (2/6)/(f/(-6)). Suppose 30 = 5*b - x*b. Calculate the remainder when 18 is divided by b.
8
Let r be 6 + -1 + (-1 - -2). Suppose -64 = -r*v + 278. Calculate the remainder when v is divided by 20.
17
What is the remainder when (-17)/((-85)/1104) - (-3)/15 is divided by 5?
1
Suppose 5*n + 94 + 92 = 4*v, 0 = 5*v + 2*n - 249. Let f(h) = 147*h - 1. Calculate the remainder when f(1) is divided by v.
48
Let b(n) = 3*n - 7. Suppose -2*w = 4*v - 130, 5*w - 2*v - 302 = 83. Calculate the remainder when w is divided by b(6).
9
Suppose -2*o = 23*z - 28*z - 80, 2*o + 4*z = 98. What is the remainder when o is divided by 4?
1
Let z(q) = -2*q - 9. Calculate the remainder when z(-22) is divided by 9.
8
Let c = -398 - -418. Calculate the remainder when 93 is divided by c.
13
Suppose -6*g + 3*g - 6 = 0. Let k be 1*0/(1 - g). Suppose k = -7*r + r + 54. Calculate the remainder when 26 is divided by r.
8
Let t = -163 - -334. What is the remainder when t is divided by 43?
42
What is the remainde